{"id":1881,"date":"2023-10-21T11:57:49","date_gmt":"2023-10-21T09:57:49","guid":{"rendered":"https:\/\/plazowka.theworkssalon.ie\/?page_id=1881"},"modified":"2024-05-19T19:20:15","modified_gmt":"2024-05-19T17:20:15","slug":"oferta-20","status":"publish","type":"page","link":"https:\/\/plazowka.theworkssalon.ie\/?page_id=1881","title":{"rendered":"Oferta"},"content":{"rendered":"\n    \n    <section class=\"u-clearfix u-section-2\" id=\"sec-b9d8\">\n      <div class=\"u-clearfix u-sheet u-sheet-1\">\n        <div class=\"u-clearfix u-expanded-width u-gutter-0 u-layout-wrap u-layout-wrap-1\">\n          <div class=\"u-layout\" style=\"\">\n            <div class=\"u-layout-row\" style=\"\">\n              <div class=\"u-align-center u-container-style u-layout-cell u-left-cell u-size-30 u-size-xs-60 u-white u-layout-cell-1\" src=\"\">\n                <div class=\"u-container-layout u-container-layout-1\"><span class=\"u-file-icon u-grey-90 u-icon u-icon-circle u-icon-1\"><img decoding=\"async\" src=\"https:\/\/plazowka.theworkssalon.ie\/wp-content\/uploads\/2023\/10\/603b58a1.png\" alt=\"\"><\/span>\n                  <h2 class=\"u-text u-text-default u-text-1\"> CENNIK<span style=\"font-weight: 700;\"><\/span>\n                  <\/h2>\n                  <p class=\"u-align-left u-text u-text-2\">\n                    <span style=\"font-weight: 700;\"> W naszej ofercie znajduj\u0105 si\u0119 2 domki dla 2-6 os\u00f3b.<br>Ceny dotycz\u0105 pojedynczego domku na rok bie\u017c\u0105cy - 2024.&nbsp; \n                    <\/span>\n                    <br>\n                    <br>\n                    <span style=\"font-weight: 700;\">SEZON WYSOKI<\/span>\n                    <br>1 czerwca - 30 wrze\u015bnia<br>550-850 PLN\/doba min. 3 doby<br>\n                    <br>\n                    <span style=\"font-weight: 700;\">SEZON NISKI<\/span>\n                    <br>1 pa\u017adziernika - 20 grudnia<br>400-650 PLN\/doba min. 2 doby<br>\n                    <br>\n                    <span style=\"font-weight: 700;\">ZAMELDOWANIE<\/span>\n                    <br>przyjazd od godziny 16<br>wyjazd do godziny 12<br>\n                    <br>\n                    <span style=\"text-decoration: underline !important;\">Dodatkowe op\u0142aty:<br>\n                    <\/span>\n                    <span style=\"font-weight: 700;\">GOR\u0104CA BALIA<\/span>\n                    <br>op\u0142ata serwisowa 200 z\u0142\/ doba<br>Zwierz\u0119 - 100 z\u0142 pobyt <br>\n                    <br> *pobyt d\u0142ugoterminowy (powy\u017cej 5 d\u00f3b) wyceniany&nbsp;indywidualnie \n                  <\/p>\n                <\/div>\n              <\/div>\n              <div class=\"u-align-center u-container-style u-image u-layout-cell u-right-cell u-size-30 u-size-xs-60 u-image-1\" src=\"\" data-image-width=\"1280\" data-image-height=\"853\" style=\"background-image: url(&quot;https:\/\/plazowka.theworkssalon.ie\/wp-content\/uploads\/2023\/10\/ofe1.jpg&quot;);\">\n                <div class=\"u-container-layout u-valign-middle u-container-layout-2\" src=\"\"><\/div>\n              <\/div>\n            <\/div>\n          <\/div>\n        <\/div>\n        <img decoding=\"async\" class=\"u-image u-image-default u-image-2\" src=\"https:\/\/plazowka.theworkssalon.ie\/wp-content\/uploads\/2023\/10\/ofe2.jpg\" alt=\"\" data-image-width=\"1280\" data-image-height=\"853\">\n        <h3 class=\"u-text u-text-default u-text-3\"> OPIS DOMK\u00d3W<\/h3>\n        <p class=\"u-text u-text-4\">\n          <span style=\"font-weight: 700;\">PARTER<\/span>\n          <br>\u00b7 salon z rozk\u0142adan\u0105 sofa dwuosobow\u0105 ze stolikiem<br>\u00b7 aneks kuchenny<br>\u00b7 jadalnia ze sto\u0142em rozk\u0142adanym&nbsp;<br>\u00b7 \u0142azienka z prysznicem<br>\u00b7 sypialnia z szaf\u0105 i komfortowym \u0142\u00f3\u017ckiem 160x220<br>\u00b7 Powierzchnia domk\u00f3w 48m2<br>\n          <br>\n          <span style=\"font-weight: 700;\">ANTRESOLA<\/span>\n          <br>\u00b7 sypialnia, a w niej \u0142\u00f3\u017cko 180x200&nbsp;<br>oraz fotel, \u0142azienka z wann\u0105 i umywalk\u0105<b>\n            <br>\n            <br>UDOGODNIENIA W OBIEKCIE<\/b>&nbsp;<br>\u00b7 bezp\u0142atne Wi-Fi \u00b7&nbsp; suszarka do w\u0142os\u00f3w \u00b7&nbsp; r\u0119czniki- komplet na osob\u0119&nbsp; \u00b7&nbsp; \u017celazko \u00b7&nbsp; deska do prasowania \u00b7&nbsp; odkurzacz&nbsp; \u00b7&nbsp; TV w salonie \u00b7&nbsp; klimatyzacja \u00b7&nbsp; ogrzewanie pod\u0142ogowe \u00b7&nbsp; wentylacja mechaniczna \u00b7&nbsp; kuchenka indukcyjna \u00b7&nbsp; zmywarka \u00b7&nbsp; lod\u00f3wko-zamra\u017carka \u00b7&nbsp; kuchenka-mikrofalowa \u00b7&nbsp; du\u017cy taras \u00b7 szlafroki \u00b7 komplet kosmetyk\u00f3w<br>\n          <br><b>UDOGODNIENIA NA POSESJI<\/b>\n          <br>\u00b7 wiata z saun\u0105 i bali\u0105 (opalanie drewnem lub pr\u0105dem-opcja) \u00b7&nbsp; ogromny otwarty teren spacerowy bezpo\u015brednio przy lesie \u00b7&nbsp; bezp\u0142atny parking \u00b7&nbsp; meble tarasowe \u00b7&nbsp; meble ogrodowe \u00b7&nbsp; miejsce na ognisko lub grill \u00b7&nbsp; w okresie letnim rozk\u0142adany basen dla dzieci \u00b7&nbsp; mo\u017cliwo\u015b\u0107 wynaj\u0119cia motor\u00f3w elektrycznych (cross surron) oraz rower\u00f3w \n        <\/p>\n      <\/div>\n    <\/section>\n    \n    \n    \n  \n","protected":false},"excerpt":{"rendered":"<p>CENNIK W naszej ofercie znajduj\u0105 si\u0119 2 domki dla 2-6 os\u00f3b.Ceny dotycz\u0105 pojedynczego domku na rok bie\u017c\u0105cy &#8211; 2024.&nbsp; SEZON WYSOKI 1 czerwca &#8211; 30 wrze\u015bnia550-850 PLN\/doba min. 3 doby SEZON NISKI 1 pa\u017adziernika &#8211; 20 grudnia400-650 PLN\/doba min. 2 doby ZAMELDOWANIE przyjazd od godziny 16wyjazd do godziny 12 Dodatkowe op\u0142aty: GOR\u0104CA BALIA op\u0142ata serwisowa &hellip; <a href=\"https:\/\/plazowka.theworkssalon.ie\/?page_id=1881\" class=\"more-link\">Continue reading<span class=\"screen-reader-text\"> &#8222;Oferta&#8221;<\/span><\/a><\/p>\n","protected":false},"author":1,"featured_media":0,"parent":0,"menu_order":4,"comment_status":"closed","ping_status":"closed","template":"","meta":{"footnotes":""},"class_list":["post-1881","page","type-page","status-publish","hentry"],"_links":{"self":[{"href":"https:\/\/plazowka.theworkssalon.ie\/index.php?rest_route=\/wp\/v2\/pages\/1881"}],"collection":[{"href":"https:\/\/plazowka.theworkssalon.ie\/index.php?rest_route=\/wp\/v2\/pages"}],"about":[{"href":"https:\/\/plazowka.theworkssalon.ie\/index.php?rest_route=\/wp\/v2\/types\/page"}],"author":[{"embeddable":true,"href":"https:\/\/plazowka.theworkssalon.ie\/index.php?rest_route=\/wp\/v2\/users\/1"}],"replies":[{"embeddable":true,"href":"https:\/\/plazowka.theworkssalon.ie\/index.php?rest_route=%2Fwp%2Fv2%2Fcomments&post=1881"}],"version-history":[{"count":2,"href":"https:\/\/plazowka.theworkssalon.ie\/index.php?rest_route=\/wp\/v2\/pages\/1881\/revisions"}],"predecessor-version":[{"id":1915,"href":"https:\/\/plazowka.theworkssalon.ie\/index.php?rest_route=\/wp\/v2\/pages\/1881\/revisions\/1915"}],"wp:attachment":[{"href":"https:\/\/plazowka.theworkssalon.ie\/index.php?rest_route=%2Fwp%2Fv2%2Fmedia&parent=1881"}],"curies":[{"name":"wp","href":"https:\/\/api.w.org\/{rel}","templated":true}]}}