{"id":1883,"date":"2023-10-21T11:57:51","date_gmt":"2023-10-21T09:57:51","guid":{"rendered":"https:\/\/plazowka.theworkssalon.ie\/?page_id=1883"},"modified":"2023-10-21T12:45:10","modified_gmt":"2023-10-21T10:45:10","slug":"pakiety-20","status":"publish","type":"page","link":"https:\/\/plazowka.theworkssalon.ie\/?page_id=1883","title":{"rendered":"Pakiety"},"content":{"rendered":"\n    \n    <section class=\"u-align-center u-clearfix u-section-2\" id=\"sec-ccc1\">\n      <div class=\"u-clearfix u-sheet u-sheet-1\">\n        <h2 class=\"u-align-left u-text u-text-default u-text-1\">Pakiety<\/h2>\n        <p class=\"u-align-left u-text u-text-2\"> P\u0142az\u00f3wka Roztocze to&nbsp;nowy, kameralny o\u015brodek komfortowo\nwyposa\u017conych dw\u00f3ch domk\u00f3w ca\u0142orocznych zlokalizowanych na dzia\u0142ce ponad 2 ha\nporo\u015bni\u0119tej m\u0142odymi sosnami i&nbsp;brzozami, granicz\u0105cej z&nbsp;wysokim lasem.<\/p>\n        <p class=\"u-align-left u-text u-text-3\"> Stworzyli\u015bmy dla Was gotowe pakiety pobytowe, tak\naby ka\u017cdy m\u00f3g\u0142 znale\u017a\u0107 co\u015b dla siebie. Planujesz spotkanie z przyjaci\u00f3\u0142kami, z\nkt\u00f3rymi od dawna&nbsp;<br>nie mog\u0142y\u015bcie si\u0119 spotka\u0107? A mo\u017ce szukasz inspiracji na\nkr\u00f3tsze lub d\u0142u\u017csze wakacje z dzie\u0107mi? Mamy te\u017c co\u015b dla samotnik\u00f3w i tych co\nszukaj\u0105 wyciszenia. Zobaczcie sami co dla Was\nprzygotowali\u015bmy.&nbsp;Pami\u0119tajcie,&nbsp;<br>\u017ce nasze pakiety to tylko inspiracja i\nmo\u017cemy je dowolnie modyfikowa\u0107&nbsp;<br>lub stworzy\u0107 dedykowan\u0105 ofert\u0119.\n        <\/p>\n        <img decoding=\"async\" class=\"u-image u-image-round u-radius-10 u-image-1\" src=\"https:\/\/plazowka.theworkssalon.ie\/wp-content\/uploads\/2023\/10\/6d4a329dfd8f0955f4ca8cdbe1f4cd63b0c7d46817b1746e88824150547c4bfffdb0cd7e3f864eff36964378f778b63f7b70c2f684468c7bab310f_1280.jpg\" alt=\"\" data-image-width=\"1280\" data-image-height=\"853\">\n      <\/div>\n    <\/section>\n    <section class=\"u-clearfix u-section-3\" id=\"sec-67c8\">\n      <div class=\"u-clearfix u-sheet u-sheet-1\">\n        <div class=\"u-expanded-width u-list u-list-1\">\n          <div class=\"u-repeater u-repeater-1\">\n            <div class=\"u-container-style u-list-item u-repeater-item\">\n              <div class=\"u-container-layout u-similar-container u-container-layout-1\">\n                <img decoding=\"async\" alt=\"\" class=\"u-expanded-width u-image u-image-default u-image-1\" data-image-width=\"626\" data-image-height=\"418\" src=\"https:\/\/plazowka.theworkssalon.ie\/wp-content\/uploads\/2023\/10\/przyjaciolki.jpg\">\n                <h5 class=\"u-align-center u-text u-text-default u-text-1\"><b>Pakiet \"Przyjaci\u00f3\u0142ki\"&nbsp; &nbsp;<\/b>\n                <\/h5>\n                <p class=\"u-align-center u-text u-text-2\"> Wyobra\u017a sobie regeneruj\u0105cy, babski weekend.\nD\u0142ugie rozmowy z przyjaci\u00f3\u0142kami, dobra kawa na tarasie, le\u015bne spacery, du\u017co\n\u015bmiechu i wino.&nbsp;<br>Balia na wy\u0142\u0105czno\u015b\u0107\n                <\/p>\n                <p class=\"u-align-center u-text u-text-3\"> czas: 3 dni (2 noce) | ilo\u015b\u0107 os\u00f3b: 2-10|&nbsp;<br>w pakiecie: kapi\u0119; w bali, warsztaty piel\u0119gnacji twarzy oraz makija\u017cu naturalnego, sesja zdj\u0119ciowa&nbsp;<br>z przyjaci\u00f3\u0142kami, prosecco. <br>\n                  <span style=\"font-weight: 700;\">CENA: 1000 z\u0142 \/ osob\u0119&nbsp;<\/span>\n                  <br>\n                  <span style=\"font-weight: 700;\">(przy wi\u0119kszej grupie zni\u017cka)&nbsp;<\/span>\n                  <br>\n                <\/p>\n              <\/div>\n            <\/div>\n            <div class=\"u-container-style u-list-item u-repeater-item\">\n              <div class=\"u-container-layout u-similar-container u-container-layout-2\">\n                <img decoding=\"async\" alt=\"\" class=\"u-expanded-width u-image u-image-default u-image-2\" data-image-width=\"802\" data-image-height=\"493\" src=\"https:\/\/plazowka.theworkssalon.ie\/wp-content\/uploads\/2023\/10\/wedwoje.jpg\">\n                <h5 class=\"u-align-center u-text u-text-default u-text-4\"><b>Pakiet \"We dwoje\"<\/b>\n                <\/h5>\n                <p class=\"u-align-center u-text u-text-5\">Tylko Wy, we dwoje i las dooko\u0142a... le\u015bna chata\ntylko dla Was i nikogo w okolicy. Chcecie na chwil\u0119 zatrzyma\u0107 czas, zwolni\u0107\ntempo, poby\u0107 ze sob\u0105 razem...?&nbsp;<br>Oddajcie si\u0119 ma\u0142ym przyjemno\u015bciom,&nbsp;<br>a zdj\u0119cia z\nwyjazdu b\u0119d\u0105 niezapomnian\u0105 pami\u0105tk\u0105.&nbsp;\n                <\/p>\n                <p class=\"u-align-center u-text u-text-6\"> czas: 3 dni (2 noce) | ilo\u015b\u0107 os\u00f3b: 2 |&nbsp;<br>w pakiecie: masa\u017c dla dwojga 60 min, romantyczna sesja zdj\u0119ciowa, zestaw \"wino i p\u0142atki r\u00f3\u017c\",&nbsp;balia na wy\u0142\u0105czno\u015b\u0107&nbsp;<br>+ szlafroki, <br>\n                  <span style=\"font-weight: 700;\">CENA: od 2500 z\u0142 \/ par\u0119&nbsp;<\/span>\n                  <br>\n                <\/p>\n              <\/div>\n            <\/div>\n            <div class=\"u-container-style u-list-item u-repeater-item\">\n              <div class=\"u-container-layout u-similar-container u-container-layout-3\">\n                <img decoding=\"async\" alt=\"\" class=\"u-expanded-width u-image u-image-default u-image-3\" data-image-width=\"767\" data-image-height=\"509\" src=\"https:\/\/plazowka.theworkssalon.ie\/wp-content\/uploads\/2023\/10\/jesienwplazowie.jpg\">\n                <h5 class=\"u-align-center u-text u-text-default u-text-7\"><b>Pakiet \"Jesie\u0144 w P\u0142azowie\"<\/b>\n                <\/h5>\n                <p class=\"u-align-center u-text u-text-8\"> Du\u017ca dawka tlenu, natura, ziele\u0144, przestrze\u0144... Cisza zak\u0142\u00f3cona\njedynie \u015bpiewem ptak\u00f3w i szumem drzew. Przebywanie w lesie koi nasze zmys\u0142y,\nuspokaja, relaksuje, dodaje energii \u017cyciowej. Zadbaj o siebie i swoje zdrowie -\nodetchnij lasem w z\u0142otych barwach jesieni!<\/p>\n                <p class=\"u-align-center u-text u-text-9\"> czas: 3 dni (2 noce) | ilo\u015b\u0107 os\u00f3b: 2-4 |&nbsp;<br>w pakiecie: masa\u017c, k\u0105piel w balii, zestaw sok\u00f3w oczyszczaj\u0105cych, rowery <br>\n                  <span style=\"font-weight: 700;\">CENA: 1000 z\u0142 \/ osob\u0119 + 100 z\u0142 rower\/os.&nbsp;<\/span>&nbsp;<br>\n                <\/p>\n              <\/div>\n            <\/div>\n          <\/div>\n        <\/div>\n        <h4 class=\"u-align-center u-custom-font u-text u-text-font u-text-10\" data-animation-name=\"customAnimationIn\" data-animation-direction=\"\" data-animation-duration=\"1000\"><b>Je\u017celi pragniecie sp\u0119dzi\u0107 bezpieczny urlop z\ndzie\u0107mi, romantyczny weekend we dwoje czy te\u017c wybra\u0107 si\u0119 na wypad z\nprzyjaci\u00f3\u0142mi, zapraszamy do P\u0142az\u00f3wka Roztocze !<\/b>\n        <\/h4>\n      <\/div>\n    <\/section>\n    <section class=\"u-align-center u-clearfix u-section-4\" id=\"sec-4171\">\n      <div class=\"u-clearfix u-sheet u-valign-middle u-sheet-1\"><\/div>\n    <\/section>\n    \n    \n    \n  \n","protected":false},"excerpt":{"rendered":"<p>Pakiety P\u0142az\u00f3wka Roztocze to&nbsp;nowy, kameralny o\u015brodek komfortowo wyposa\u017conych dw\u00f3ch domk\u00f3w ca\u0142orocznych zlokalizowanych na dzia\u0142ce ponad 2 ha poro\u015bni\u0119tej m\u0142odymi sosnami i&nbsp;brzozami, granicz\u0105cej z&nbsp;wysokim lasem. Stworzyli\u015bmy dla Was gotowe pakiety pobytowe, tak aby ka\u017cdy m\u00f3g\u0142 znale\u017a\u0107 co\u015b dla siebie. Planujesz spotkanie z przyjaci\u00f3\u0142kami, z kt\u00f3rymi od dawna&nbsp;nie mog\u0142y\u015bcie si\u0119 spotka\u0107? A mo\u017ce szukasz inspiracji na kr\u00f3tsze &hellip; <a href=\"https:\/\/plazowka.theworkssalon.ie\/?page_id=1883\" class=\"more-link\">Continue reading<span class=\"screen-reader-text\"> &#8222;Pakiety&#8221;<\/span><\/a><\/p>\n","protected":false},"author":1,"featured_media":0,"parent":0,"menu_order":6,"comment_status":"closed","ping_status":"closed","template":"","meta":{"footnotes":""},"class_list":["post-1883","page","type-page","status-publish","hentry"],"_links":{"self":[{"href":"https:\/\/plazowka.theworkssalon.ie\/index.php?rest_route=\/wp\/v2\/pages\/1883"}],"collection":[{"href":"https:\/\/plazowka.theworkssalon.ie\/index.php?rest_route=\/wp\/v2\/pages"}],"about":[{"href":"https:\/\/plazowka.theworkssalon.ie\/index.php?rest_route=\/wp\/v2\/types\/page"}],"author":[{"embeddable":true,"href":"https:\/\/plazowka.theworkssalon.ie\/index.php?rest_route=\/wp\/v2\/users\/1"}],"replies":[{"embeddable":true,"href":"https:\/\/plazowka.theworkssalon.ie\/index.php?rest_route=%2Fwp%2Fv2%2Fcomments&post=1883"}],"version-history":[{"count":4,"href":"https:\/\/plazowka.theworkssalon.ie\/index.php?rest_route=\/wp\/v2\/pages\/1883\/revisions"}],"predecessor-version":[{"id":1908,"href":"https:\/\/plazowka.theworkssalon.ie\/index.php?rest_route=\/wp\/v2\/pages\/1883\/revisions\/1908"}],"wp:attachment":[{"href":"https:\/\/plazowka.theworkssalon.ie\/index.php?rest_route=%2Fwp%2Fv2%2Fmedia&parent=1883"}],"curies":[{"name":"wp","href":"https:\/\/api.w.org\/{rel}","templated":true}]}}